5 and 15.
15
What is the greatest common factor of 606 and 6?
6
What is the highest common divisor of 29165 and 133?
19
Calculate the highest common divisor of 52 and 28.
4
Calculate the greatest common factor of 375 and 15.
15
Calculate the highest common factor of 2 and 484.
2
Calculate the greatest common factor of 340 and 40.
20
What is the greatest common factor of 4418 and 470?
94
Calculate the highest common divisor of 310 and 93.
31
Calculate the highest common factor of 27 and 648.
27
Calculate the greatest common divisor of 20000 and 160.
160
Calculate the greatest common factor of 11 and 1243.
11
What is the highest common divisor of 602 and 86?
86
Calculate the highest common factor of 5317 and 13.
13
What is the highest common factor of 4014 and 18?
18
What is the greatest common divisor of 1734 and 204?
102
Calculate the highest common divisor of 49 and 17591.
49
Calculate the greatest common divisor of 297 and 85833.
297
What is the greatest common factor of 434 and 124?
62
What is the greatest common divisor of 154 and 7?
7
Calculate the highest common divisor of 299 and 2327.
13
What is the highest common divisor of 36 and 996?
12
What is the highest common factor of 14 and 266?
14
Calculate the greatest common factor of 520 and 3848.
104
Calculate the highest common divisor of 138 and 13708.
46
What is the highest common divisor of 84 and 756?
84
Calculate the greatest common factor of 11 and 1111.
11
What is the highest common divisor of 287 and 31283?
287
Calculate the highest common factor of 5460 and 245.
35
What is the highest common divisor of 9 and 8?
1
Calculate the greatest common divisor of 50460 and 60.
60
What is the highest common factor of 12 and 8?
4
What is the greatest common factor of 4 and 44?
4
What is the greatest common divisor of 532 and 7847?
133
Calculate the greatest common divisor of 7168 and 7.
7
Calculate the highest common divisor of 13 and 1417.
13
What is the highest common divisor of 3522 and 42?
6
What is the highest common divisor of 15 and 81?
3
Calculate the greatest common divisor of 15707 and 113.
113
Calculate the greatest common divisor of 2800 and 112.
112
Calculate the highest common factor of 9 and 99.
9
What is the highest common factor of 3082 and 138?
46
Calculate the highest common divisor of 16 and 904.
8
What is the highest common divisor of 52 and 2002?
26
Calculate the highest common divisor of 49 and 1.
1
What is the highest common divisor of 17457 and 22?
11
What is the greatest common factor of 22 and 1815?
11
What is the highest common factor of 755 and 30?
5
What is the greatest common divisor of 253 and 69?
23
What is the highest common factor of 15 and 3945?
15
What is the greatest common factor of 143 and 2717?
143
Calculate the greatest common divisor of 140 and 620.
20
Calculate the highest common divisor of 14 and 6.
2
Calculate the greatest common divisor of 1495 and 1035.
115
Calculate the greatest common factor of 756 and 216.
108
What is the highest common divisor of 1974 and 21?
21
What is the greatest common factor of 99 and 2607?
33
Calculate the highest common factor of 1975 and 711.
79
Calculate the greatest common divisor of 407 and 11.
11
What is the highest common divisor of 48 and 204?
12
What is the highest common factor of 2970 and 880?
110
Calculate the highest common divisor of 210 and 4380.
30
What is the highest common factor of 20524 and 7?
7
What is the greatest common divisor of 70 and 12005?
35
Calculate the highest common divisor of 294 and 245.
49
What is the greatest common divisor of 404 and 4?
4
Calculate the greatest common factor of 54652 and 52.
52
What is the greatest common factor of 64 and 160?
32
What is the greatest common factor of 22 and 165?
11
Calculate the highest common divisor of 8 and 30.
2
What is the highest common divisor of 45 and 855?
45
Calculate the greatest common factor of 483 and 7.
7
What is the highest common factor of 120050 and 14?
14
Calculate the greatest common divisor of 20 and 1180.
20
Calculate the greatest common factor of 7719 and 93.
93
Calculate the greatest common factor of 2 and 74.
2
What is the greatest common divisor of 87 and 2407?
29
What is the highest common divisor of 4796 and 327?
109
What is the greatest common factor of 812 and 112?
28
What is the highest common factor of 130 and 9550?
10
Calculate the highest common divisor of 96 and 204.
12
Calculate the highest common divisor of 44 and 154.
22
What is the greatest common factor of 8 and 20?
4
Calculate the highest common divisor of 437 and 1357.
23
Calculate the greatest common factor of 108 and 2916.
108
What is the highest common factor of 651 and 62?
31
Calculate the highest common factor of 182 and 14.
14
Calculate the highest common divisor of 172 and 4.
4
What is the greatest common divisor of 32 and 96?
32
Calculate the highest common factor of 76 and 4.
4
What is the highest common factor of 27 and 351?
27
What is the highest common factor of 36329 and 17?
17
What is the greatest common divisor of 72 and 14382?
18
What is the greatest common divisor of 28 and 47?
1
What is the highest common divisor of 44 and 20438?
22
Calculate the greatest common factor of 672 and 8.
8
Calculate the greatest common divisor of 73 and 2263.
73
What is the highest common factor of 99 and 4446?
9
What is the greatest common factor of 56 and 576?
8
What is the highest common divisor of 66 and 33?
33
Calculate the greatest common divisor of 152 and 38.
38
What is the highest common divisor of 136 and 34?
34
Calculate the highest common factor of 3 and 8.
1
Calculate the highest common divisor of 8176 and 112.
112
What is the greatest common divisor of 96 and 3600?
48
What is the highest common factor of 312 and 1768?
104
What is the greatest common factor of 14 and 399?
7
Calculate the greatest common divisor of 165 and 93.
3
What is the greatest common divisor of 427 and 259?
7
Calculate the highest common factor of 344 and 3526.
86
Calculate the highest common factor of 16 and 184.
8
What is the highest common divisor of 121 and 11?
11
What is the greatest common factor of 67 and 6?
1
Calculate the greatest common factor of 65637 and 54.
27
What is the greatest common divisor of 40 and 3064?
8
Calculate the greatest common factor of 2924 and 16.
4
Calculate the greatest common factor of 630 and 6048.
126
What is the highest common factor of 15 and 1?
1
Calculate the greatest common divisor of 4850 and 50.
50
What is the greatest common factor of 590 and 130?
10
Calculate the greatest common factor of 765 and 30.
15
What is the greatest common factor of 54 and 954?
18
Calculate the highest common factor of 27 and 297.
27
Calculate the greatest common factor of 960 and 24.
24
What is the greatest common factor of 6366 and 6?
6
What is the highest common factor of 100 and 7175?
25
Calculate the highest common factor of 1644 and 36.
12
What is the highest common factor of 6 and 1236?
6
Calculate the highest common factor of 375 and 75.
75
Calculate the highest common factor of 228 and 108.
12
What is the highest common divisor of 112 and 208?
16
What is the greatest common divisor of 13013 and 77?
77
Calculate the highest common divisor of 170 and 30.
10
Calculate the highest common divisor of 225 and 180.
45
Calculate the highest common divisor of 2214 and 82.
82
What is the greatest common divisor of 1395 and 124?
31
What is the highest common divisor of 11020 and 40?
20
What is the greatest common divisor of 3 and 3099?
3
What is the highest common divisor of 9017 and 71?
71
What is the greatest common divisor of 276 and 24?
12
Calculate the greatest common factor of 18 and 7.
1
What is the greatest common factor of 9 and 603?
9
Calculate the highest common divisor of 2048 and 8.
8
What is the greatest common divisor of 49 and 784?
49
What is the greatest common factor of 50 and 500?
50
Calculate the highest common divisor of 9225 and 315.
45
Calculate the greatest common divisor of 12 and 81.
3
What is the highest common factor of 184 and 1357?
23
Calculate the greatest common divisor of 234 and 78.
78
Calculate the highest common factor of 90228 and 309.
309
What is the highest common factor of 88 and 64?
8
What is the highest common di